{"version":"1.0","provider_name":"Domaine Turenne","provider_url":"http:\/\/domaineturenne.com","author_name":"yvan gorry","author_url":"http:\/\/domaineturenne.com\/index.php\/author\/yvan\/","title":"Turenne \u00e0 Angers le 26 mai - Domaine Turenne","type":"rich","width":600,"height":338,"html":"<blockquote class=\"wp-embedded-content\"><a href=\"http:\/\/domaineturenne.com\/index.php\/2018\/05\/11\/turenne-a-angers-le-26-mai\/\">Turenne \u00e0 Angers le 26 mai<\/a><\/blockquote>\n<script type='text\/javascript'>\n<!--\/\/--><![CDATA[\/\/><!--\n\t\t\/*! This file is auto-generated *\/\n\t\t!function(d,l){\"use strict\";var e=!1,n=!1;if(l.querySelector)if(d.addEventListener)e=!0;if(d.wp=d.wp||{},!d.wp.receiveEmbedMessage)if(d.wp.receiveEmbedMessage=function(e){var t=e.data;if(t)if(t.secret||t.message||t.value)if(!\/[^a-zA-Z0-9]\/.test(t.secret)){for(var r,i,a,s=l.querySelectorAll('iframe[data-secret=\"'+t.secret+'\"]'),n=l.querySelectorAll('blockquote[data-secret=\"'+t.secret+'\"]'),o=new RegExp(\"^https?:$\",\"i\"),c=0;c<n.length;c++)n[c].style.display=\"none\";for(c=0;c<s.length;c++)if(r=s[c],e.source===r.contentWindow){if(r.removeAttribute(\"style\"),\"height\"===t.message){if(1e3<(a=parseInt(t.value,10)))a=1e3;else if(~~a<200)a=200;r.height=a}if(\"link\"===t.message)if(i=l.createElement(\"a\"),a=l.createElement(\"a\"),i.href=r.getAttribute(\"src\"),a.href=t.value,o.test(a.protocol))if(a.host===i.host)if(l.activeElement===r)d.top.location.href=t.value}}},e)d.addEventListener(\"message\",d.wp.receiveEmbedMessage,!1),l.addEventListener(\"DOMContentLoaded\",t,!1),d.addEventListener(\"load\",t,!1);function t(){if(!n){n=!0;for(var e,t,r=-1!==navigator.appVersion.indexOf(\"MSIE 10\"),i=!!navigator.userAgent.match(\/Trident.*rv:11\\.\/),a=l.querySelectorAll(\"iframe.wp-embedded-content\"),s=0;s<a.length;s++){if(!(e=a[s]).getAttribute(\"data-secret\"))t=Math.random().toString(36).substr(2,10),e.src+=\"#?secret=\"+t,e.setAttribute(\"data-secret\",t);if(r||i)(t=e.cloneNode(!0)).removeAttribute(\"security\"),e.parentNode.replaceChild(t,e)}}}}(window,document);\n\/\/--><!]]>\n<\/script><iframe sandbox=\"allow-scripts\" security=\"restricted\" src=\"http:\/\/domaineturenne.com\/index.php\/2018\/05\/11\/turenne-a-angers-le-26-mai\/embed\/\" width=\"600\" height=\"338\" title=\"\u00ab\u00a0Turenne \u00e0 Angers le 26 mai\u00a0\u00bb &#8212; Domaine Turenne\" frameborder=\"0\" marginwidth=\"0\" marginheight=\"0\" scrolling=\"no\" class=\"wp-embedded-content\"><\/iframe>","thumbnail_url":"http:\/\/domaineturenne.com\/wp-content\/uploads\/2018\/05\/29683129_1692482020846505_4915007471435776370_n.jpg","thumbnail_width":540,"thumbnail_height":426,"description":"Gourmandes et gourmands, d\u2019Angers et d\u2019Anjou Venez du gouter le soleil de Provence en bouteille ... C\u00e9cile et Philippe B\u00e9n\u00e9zet pr\u00e9senteront les vins du Domaine de Turenne lors du 9\u00e8me March\u00e9 des Producteurs organis\u00e9 par Des Halles et des Gourmets samedi 26 mais, de 9h \u00e0 18h 26 bis route de Bouchemaine 49100 Angers"}

Turenne à Angers le 26 mai - Domaine Turenne

<blockquote class="wp-embedded-content"><a href="http://domaineturenne.com/index.php/2018/05/11/turenne-a-angers-le-26-mai/">Turenne à Angers le 26 mai</a></blockquote>
<script type='text/javascript'>
<!--//--><![CDATA[//><!--
		/*! This file is auto-generated */
		!function(d,l){"use strict";var e=!1,n=!1;if(l.querySelector)if(d.addEventListener)e=!0;if(d.wp=d.wp||{},!d.wp.receiveEmbedMessage)if(d.wp.receiveEmbedMessage=function(e){var t=e.data;if(t)if(t.secret||t.message||t.value)if(!/[^a-zA-Z0-9]/.test(t.secret)){for(var r,i,a,s=l.querySelectorAll('iframe[data-secret="'+t.secret+'"]'),n=l.querySelectorAll('blockquote[data-secret="'+t.secret+'"]'),o=new RegExp("^https?:$","i"),c=0;c<n.length;c++)n[c].style.display="none";for(c=0;c<s.length;c++)if(r=s[c],e.source===r.contentWindow){if(r.removeAttribute("style"),"height"===t.message){if(1e3<(a=parseInt(t.value,10)))a=1e3;else if(~~a<200)a=200;r.height=a}if("link"===t.message)if(i=l.createElement("a"),a=l.createElement("a"),i.href=r.getAttribute("src"),a.href=t.value,o.test(a.protocol))if(a.host===i.host)if(l.activeElement===r)d.top.location.href=t.value}}},e)d.addEventListener("message",d.wp.receiveEmbedMessage,!1),l.addEventListener("DOMContentLoaded",t,!1),d.addEventListener("load",t,!1);function t(){if(!n){n=!0;for(var e,t,r=-1!==navigator.appVersion.indexOf("MSIE 10"),i=!!navigator.userAgent.match(/Trident.*rv:11\./),a=l.querySelectorAll("iframe.wp-embedded-content"),s=0;s<a.length;s++){if(!(e=a[s]).getAttribute("data-secret"))t=Math.random().toString(36).substr(2,10),e.src+="#?secret="+t,e.setAttribute("data-secret",t);if(r||i)(t=e.cloneNode(!0)).removeAttribute("security"),e.parentNode.replaceChild(t,e)}}}}(window,document);
//--><!]]>
</script><iframe sandbox="allow-scripts" security="restricted" src="http://domaineturenne.com/index.php/2018/05/11/turenne-a-angers-le-26-mai/embed/" width="600" height="338" title="« Turenne à Angers le 26 mai » &#8212; Domaine Turenne" frameborder="0" marginwidth="0" marginheight="0" scrolling="no" class="wp-embedded-content"></iframe>

Gourmandes et gourmands, d’Angers et d’Anjou Venez du gouter le soleil de Provence en bouteille ... Cécile et Philippe Bénézet présenteront les vins du Domaine de Turenne lors du 9ème Marché des Producteurs organisé par Des Halles et des Gourmets samedi 26 mais, de 9h à 18h 26 bis route de Bouchemaine 49100 Angers
